
8
What is the units digit of 215962155?
5
What is the units digit of 786367108?
8
What is the billions digit of 1519237506?
1
What is the units digit of 101824928?
8
What is the millions digit of 1597034365?
7
What is the ten thousands digit of 369962568?
6
What is the units digit of 50548481?
1
What is the thousands digit of 36443018?
3
What is the ten thousands digit of 88801719?
0
What is the millions digit of 26362788?
6
What is the billions digit of 1165444882?
1
What is the ten thousands digit of 1287094246?
9
What is the hundreds digit of 1109870620?
6
What is the hundred millions digit of 294414044?
2
What is the thousands digit of 62399347?
9
What is the ten millions digit of 47337234?
4
What is the units digit of 287074131?
1
What is the units digit of 27229535?
5
What is the hundreds digit of 62085732?
7
What is the hundreds digit of 146081449?
4
What is the ten thousands digit of 267827903?
2
What is the hundreds digit of 580797634?
6
What is the billions digit of 8581327937?
8
What is the millions digit of 33476110?
3
What is the ten millions digit of 223459531?
2
What is the hundred millions digit of 146727427?
1
What is the ten thousands digit of 202009351?
0
What is the units digit of 1039496?
6
What is the tens digit of 116801006?
0
What is the tens digit of 78470897?
9
What is the ten thousands digit of 8795811084?
1
What is the ten thousands digit of 425663435?
6
What is the hundred thousands digit of 1900393535?
3
What is the tens digit of 42263158?
5
What is the millions digit of 3437823986?
7
What is the ten thousands digit of 631919001?
1
What is the millions digit of 1711277430?
1
What is the hundred thousands digit of 317722556?
7
What is the hundred thousands digit of 441165743?
1
What is the units digit of 86519742?
2
What is the thousands digit of 57510239?
0
What is the ten thousands digit of 985121125?
2
What is the billions digit of 6201420938?
6
What is the hundred thousands digit of 843993680?
9
What is the ten thousands digit of 1325571097?
7
What is the ten thousands digit of 35559588?
5
What is the ten millions digit of 30554557?
3
What is the ten thousands digit of 44851744?
5
What is the units digit of 2110489167?
7
What is the ten thousands digit of 225915761?
1
What is the ten millions digit of 1662311552?
6
What is the ten millions digit of 252828633?
5
What is the millions digit of 73619546?
3
What is the tens digit of 2852166265?
6
What is the tens digit of 49399261?
6
What is the millions digit of 34345216?
4
What is the tens digit of 19022527?
2
What is the hundred millions digit of 112386219?
1
What is the ten thousands digit of 136749933?
4
What is the hundreds digit of 68376922?
9
What is the thousands digit of 3998353250?
3
What is the hundreds digit of 4369427549?
5
What is the ten millions digit of 697928743?
9
What is the ten thousands digit of 370917915?
1
What is the tens digit of 4555454047?
4
What is the thousands digit of 25469808?
9
What is the hundred millions digit of 229623706?
2
What is the hundreds digit of 3377450667?
6
What is the tens digit of 2607617496?
9
What is the tens digit of 1236451?
5
What is the hundred millions digit of 186013568?
1
What is the units digit of 2505075589?
9
What is the millions digit of 732416051?
2
What is the hundred millions digit of 6003996389?
0
What is the ten thousands digit of 32068510?
6
What is the hundred thousands digit of 30104991?
1
What is the hundred thousands digit of 128331943?
3
What is the ten millions digit of 287313181?
8
What is the ten thousands digit of 243730819?
3
What is the ten millions digit of 73487940?
7
What is the hundred millions digit of 193004405?
1
What is the hundred millions digit of 954549207?
9
What is the units digit of 129841726?
6
What is the units digit of 2043501425?
5
What is the ten millions digit of 814256400?
1
What is the thousands digit of 655328544?
8
What is the tens digit of 96390275?
7
What is the hundred thousands digit of 325793106?
7
What is the millions digit of 1427131808?
7
What is the hundreds digit of 5707347591?
5
What is the units digit of 1226618106?
6
What is the tens digit of 857108374?
7
What is the millions digit of 3028097646?
8
What is the units digit of 256374645?
5
What is the hundreds digit of 54664388?
3
What is the millions digit of 88710476?
8
What is the hundred thousands digit of 2379096469?
0
What is the hundreds digit of 3123780672?
6
What is the hundred millions digit of 278008425?
2
What is the ten thousands digit of 20516124?
1
What is the hundred thousands digit of 22855744?
8
What is the hundred millions digit of 489060689?
4
What is the hundred thousands digit of 145235191?
2
What is the ten thousands digit of 1009841898?
4
What is the thousands digit of 2657128082?
8
What is the tens digit of 450035122?
2
What is the hundreds digit of 989282703?
7
What is the tens digit of 607207158?
5
What is the thousands digit of 88507793?
7
What is the thousands digit of 18731947?
1
What is the thousands digit of 408062678?
2
What is the thousands digit of 49355872?
5
What is the ten thousands digit of 87313494?
1
What is the hundreds digit of 336076363?
3
What is the units digit of 1281645918?
8
What is the ten millions digit of 5676116663?
7
What is the hundreds digit of 1490210897?
8
What is the ten thousands digit of 131102124?
0
What is the hundreds digit of 4501323650?
6
What is the units digit of 62687078?
8
What is the hundred millions digit of 1361406788?
3
What is the units digit of 141221715?
5
What is the hundred thousands digit of 214711566?
7
What is the tens digit of 90826053?
5
What is the tens digit of 1027890917?
1
What is the hundred thousands digit of 97656959?
6
What is the tens digit of 126304691?
9
What is the hundred thousands digit of 48094466?
0
What is the hundred millions digit of 273049450?
2
What is the tens digit of 13552594?
9
What is the millions digit of 249051280?
9
What is the units digit of 440020389?
9
What is the hundred thousands digit of 2331488397?
4
What is the tens digit of 113514106?
0
What is the hundred thousands digit of 47054178?
0
What is the units digit of 135233889?
9
What is the tens digit of 767732965?
6
What is the ten millions digit of 1048977942?
4
What is the units digit of 42636139?
9
What is the ten thousands digit of 344821212?
2
What is the hundreds digit of 52903237?
2
What is the ten millions digit of 1051687232?
5
What is the ten thousands digit of 60808032?
0
What is the millions digit of 74071730?
4
What is the thousands digit of 358119581?
9
What is the ten millions digit of 19074722?
1
What is the tens digit of 48526465?
6
What is the ten millions digit of 118576336?
1
What is the billions digit of 1966508807?
1
What is the ten millions digit of 650894572?
5
What is the units digit of 7381139?
9
What is the billions digit of 4589182313?
4
What is the tens digit of 13888505?
0
What is the thousands digit of 769536421?
6
What is the hundred thousands digit of 117999598?
9
What is the thousands digit of 99685816?
5
What is the millions digit of 1394680682?
4
What is the units digit of 211957541?
1
What is the tens digit of 2935097?
9
What is the ten thousands digit of 1970773?
7
What is the millions digit of 9350091552?
0
What is the hundred thousands digit of 61950250?
9
What is the ten millions digit of 165138697?
6
What is the tens digit of 78333218?
1
What is the hundreds digit of 211990779?
7
What is the billions digit of 2131372395?
2
What is the millions digit of 16374988?
6
What is the ten millions digit of 54041325?
5
What is the ten thousands digit of 57508298?
0
What is the hundred thousands digit of 960990880?
9
What is the ten thousands digit of 860576921?
7
What is the units digit of 191901418?
8
What is the units digit of 54074607?
7
What is the ten millions digit of 877805001?
7
What is the hundreds digit of 73425027?
0
What is the tens digit of 4175537215?
1
What is the millions digit of 17857329?
7
What is the units digit of 407188948?
8
What is the thousands digit of 674051577?
1
What is the hundred thousands digit of 5494333?
4
What is the tens digit of 36018284?
8
What is the millions digit of 818553943?
8
What is the units digit of 81416253?
3
What is the ten thousands digit of 13062